).
0
Let j(d) = -d**2 + 6*d - 5. Suppose -7 + 22 = 3*w. What is j(w)?
0
Let n(b) = b - 4. Let t be n(9). Suppose -20 = u - t*u. Let k(p) = 0 - 6*p - 5 + 0*p**2 + p**2. Determine k(u).
-10
Suppose 3*n - 20 = -5*a, -4*a - 4*n + 16 = -n. Let p(f) be the first derivative of f**3/3 - f**2 - 5*f - 1. Determine p(a).
3
Let k(o) = 2*o + 1 - 3 - o**2 + 4*o. Suppose 2*f + 25 = 6*f + s, -f = 3*s - 20. Give k(f).
3
Let k(i) = 0*i - i**3 + 0*i - 1 + 4*i**2. Let z(b) = -b**3 + 8*b**2 + 2. Let d be z(8). Give k(d).
7
Let a(u) = -4*u**2 + 9*u + 3. Let i(l) = 7*l**2 - 17*l - 6. Let v(n) = -5*a(n) - 3*i(n). Determine v(5).
8
Let w = -10 - -10. Let p(h) be the third derivative of 0*h**3 + 0 - 1/60*h**5 - h**2 + 0*h + 1/24*h**4. What is p(w)?
0
Let w(z) = -2*z**2 + 1. Let j(k) = -k. Let s be j(2). Calculate w(s).
-7
Let a(w) be the third derivative of w**7/1008 + w**6/720 - w**5/20 - 2*w**2. Let t(z) be the third derivative of a(z). Give t(1).
6
Let w be 18/(-8) + 1/4. Let n(l) be the third derivative of 1/6*l**3 - 1/60*l**5 + 0 - l**2 + 0*l + 0*l**4. Calculate n(w).
-3
Let c = -29 + 30. Let x(v) be the first derivative of 1/2*v**2 - 4*v + c. Give x(4).
0
Let j be 4/(-6) + (-8)/(-3). Let c(o) = o - o**3 - 6*o**2 + 6*o**2 + j. Suppose 3*a - 2 - 4 = 0. What is c(a)?
-4
Let u be 3*(6/(-2))/(-9). Let t(q) = -6*q**2 + q - 1. Let x be t(u). Let g(z) = z**2 + 7*z + 5. Give g(x).
-1
Let p = 21 - 16. Let l = 1 - p. Let h(t) = t**3 + 4*t**2 - 3*t - 1. Give h(l).
11
Let t(x) = 2*x**2 - 10*x - 2. Let q be t(5). Let n(c) = -2*c + 2. Calculate n(q).
6
Let i(d) be the third derivative of -d**6/120 - d**5/10 + 2*d**3/3 - 107*d**2. Suppose 0*m + 2*m - 20 = 0. Let b = 4 - m. Give i(b).
4
Let g(w) = 5 - 27*w + 28*w + 2. Give g(0).
7
Let u(s) be the third derivative of s**6/120 - s**5/12 + s**4/12 - 5*s**3/6 - 13*s**2. Determine u(5).
5
Let l(y) = -y**3 - y**2 + 7*y + 3. Let v be l(-3). Let t(j) be the third derivative of 0*j**3 + 0*j + v - 1/24*j**4 - j**2. Calculate t(-4).
4
Let o(n) = -n**2 - 10*n + 12. Let l be o(-11). Let r(k) = -k**3 - k**2 + k. Give r(l).
-1
Let y be (0 + -2)*(-1 + 3). Let p(m) be the third derivative of -5/24*m**4 - 1/60*m**5 - m**2 + 0 + 1/2*m**3 + 0*m. Calculate p(y).
7
Let j(z) = -2*z**2 + 3*z + 3. Let b be (-7 - -1)/(15/(-10)). Let q be -1 + 0 + b + 0. Calculate j(q).
-6
Let k(z) = -2*z. Let q be k(-1). Let c(x) = x**3 - x**2 - 2*x - 2. Let a(l) = -l**3 + l**2 + 2*l + 1. Let o(r) = -3*a(r) - 2*c(r). Give o(q).
1
Let t(n) = -7*n + 4*n**2 - 3*n**2 + 2 + 3. Suppose r + 5*f = 6, 4*f = 3*f. Calculate t(r).
-1
Let r(y) = -1 - y + 4*y - 2*y. Let s be r(5). Let q(j) = -s*j + 10*j - 7*j. Determine q(1).
-1
Let m be 16/3 + 2/(-6). Suppose 0 = 2*k - m*k. Let q(w) = w**3 - 6. What is q(k)?
-6
Let s = -4 + 2. Suppose -c = 2*g - 1, 2*c + g + 0*g = 5. Let b(h) = -5 + c*h + 6 + h. Calculate b(s).
-7
Let v(o) = o - 4. Let g(j) be the first derivative of j**2 + 3*j + 1/3*j**3 - 1. Let q be g(-2). Determine v(q).
-1
Let v(w) = -w**2 + 9*w + 1. Let z be v(9). Let k(n) be the first derivative of 5*n**4/4 + 2*n**3/3 - n**2 + n + 1. Give k(z).
6
Let o(q) = -16*q + 24. Let d(z) = 8*z - 11. Let c(g) = 13*d(g) + 6*o(g). Suppose 0 = w - 4*m + 11 - 2, -4 = -2*w - 3*m. Give c(w).
-7
Let a(b) be the second derivative of b**4/12 - b**3/6 + 10*b. Let r = -2 + 1. Determine a(r).
2
Let h(q) = q + 5. Let z be h(7). Let l be 1/(3/(0 + z)). Let t(i) = 3*i**3 - l*i**3 + 2 - 3 - 3*i**3. Calculate t(1).
-5
Let h(j) be the first derivative of j**2 - 6*j + 1. Determine h(4).
2
Let s(v) be the third derivative of -v**6/720 - v**5/60 + v**4/12 - 3*v**2. Let j(d) be the second derivative of s(d). Calculate j(-3).
1
Let v be ((-3)/5)/(6/30). Let a(l) = l**2 + 3*l + 2. Give a(v).
2
Let k(b) be the second derivative of 2*b**3/3 - b**2/2 + 15*b. Give k(3).
11
Let m(y) = 9*y**2 + 4*y + 11. Let w(j) = -4*j**2 - 2*j - 5. Let n(q) = 2*m(q) + 5*w(q). Let b(c) = 4*c - 9. Let a be b(-7). Let f = a - -35. Determine n(f).
-7
Let l(o) = 4*o + 2. Let a = 165 - 167. Determine l(a).
-6
Let x(o) = 22*o - 2. Let n(y) = -11*y + 1. Let w(f) = 9*n(f) + 4*x(f). Calculate w(1).
-10
Let y be 17/(-2) - (-13)/26. Let p be y/28 - (-57)/(-21). Let v(h) = -h**3 - h**2 + 3*h - 3. Calculate v(p).
6
Let s(q) = q**2 + 6*q + 4. Let w = -17 - -33. Suppose 3*g = -w + 4. Give s(g).
-4
Let h(s) = s**3 + 4*s**2 - 3. Let d(x) = -x**2 + 5. Let q be d(0). Suppose -13 + 6 = 2*a + r, a + 9 = q*r. What is h(a)?
-3
Let f(d) = -6 - 3 + 11*d + 0*d**2 + d**2 + 21. Give f(-10).
2
Let h(g) be the second derivative of -g**7/840 + 7*g**6/360 - g**5/24 - g**3/3 + 5*g. Let a(j) be the second derivative of h(j). What is a(6)?
6
Let b(d) = -d. Let u(s) = 4*s**2 + 1 - s - 3*s - 10*s**2. Let h(k) = 6*b(k) - u(k). Give h(-1).
7
Let k(l) be the third derivative of 0 - 1/10*l**6 + 1/6*l**3 + 0*l - 2*l**2 + 0*l**5 + 0*l**4. Give k(1).
-11
Let h(r) = r**2 + 3*r - 2. Suppose b + 0 = -3. Let g = b + 6. Suppose g*u + 16 = -u. Calculate h(u).
2
Let h(z) = -175*z - 63. Suppose 4*s = 3*s + 63. Let d(c) be the third derivative of -11*c**4/24 - 2*c**3/3 - c**2. Let p(j) = s*d(j) - 4*h(j). Calculate p(1).
7
Let c(g) = 5*g**3 + g**2 + g - 2. Suppose 5*p - 27 = -22. Let t be c(p). Let y(w) = w**3 - 5*w**2 + 7. Give y(t).
7
Suppose z = -2*z - 15. Let s(y) = 2*y**2 + 19*y - 11. Let g(i) = i**2 + 9*i - 5. Let m be (8 - 0)/(-1 - -3). Let n(v) = m*s(v) - 9*g(v). Calculate n(z).
1
Let c(n) = -n**3 + 4*n**2 - 3*n + 5. Let q be (-3)/2*(-60)/9. Suppose -3*w = -6*w - 18. Let b = w + q. What is c(b)?
-7
Let q(n) be the second derivative of -n**4/12 + 7*n**3/6 - 3*n**2 - 35*n. What is q(6)?
0
Let k(n) = -n - 1 - n**3 - 1 - 2*n**2 + 3 - 3. Suppose -2*f + r = 2*r + 2, -3*f + 5*r - 16 = 0. Calculate k(f).
0
Let m(g) = g**2 + 4*g - 1. Let n = 71 + -76. Calculate m(n).
4
Let b(n) = n**3 + 2*n**2 - 6*n. Let o(k) = -2*k**3 - 5*k**2 + 13*k + 1. Suppose y + 9 = -2*y. Let l(h) = y*o(h) - 7*b(h). Suppose 2*s = 5*s - 6. Give l(s).
-1
Suppose 0*d = -d, -q + 3*d + 1 = 0. Let g(l) = -10*l**2 + 1 + 0*l + 0*l. Calculate g(q).
-9
Let p(u) = u**2 + 5*u + 1. Let m(g) = g. Let b = 21 + -10. Let o(q) = b*m(q) - 2*p(q). Calculate o(2).
-8
Suppose 2*v = 7*v. Suppose -p + 1 = -4*y + 21, v = -3*y + 4*p + 15. Let d(u) = u**2 - 7*u + 5. Determine d(y).
-5
Let q(u) be the second derivative of u**4/12 + u**3/6 - u. Let p(r) = 2*r**2 + 5*r + 4. Let a(o) = -p(o) + q(o). Give a(-3).
-1
Let t = 3 - 3. Suppose t*l + 5*l = 10. Let b(g) = 3*g**l - 2*g**2 - g + 3*g - 8*g + 5. Calculate b(4).
-3
Let t(l) = -1 + l - 5*l - 6*l**2 - 2 - 3*l**3. Suppose 2 + 6 = -4*w. Let h(y) = -10*y**3 - 19*y**2 - 13*y - 9. Let g(r) = w*h(r) + 7*t(r). What is g(-4)?
5
Let r(b) = -5 + 9*b**2 - b - 8*b**2 + 4. Give r(-1).
1
Let l = 9 + -7. Let k(c) = c**3 + 3*c - 3. Determine k(l).
11
Let y(s) = -s + 0*s**3 - 4*s**3 + 1 - 2 + 2*s**3. What is y(-2)?
17
Let k(s) = -2*s**3 - 5*s**2 - 5*s + 3. Let b(m) = m**3 + 4*m**2 + 4*m - 2. Let f(o) = 3*b(o) + 2*k(o). Calculate f(3).
-3
Let j(z) be the second derivative of z**5/20 + z**4/4 + z**3/3 + 3*z**2/2 + 4*z. Determine j(-2).
3
Suppose 6*z - z - 6 = -i, -5*z + 10 = 5*i. Let c(r) = -6*r. Give c(i).
-6
Let x(s) = 6*s + 2. Let y(g) = 13*g + 4. Let d(k) = -9*x(k) + 4*y(k). Calculate d(4).
-10
Let s(d) = 3*d + 4. Let v be s(-2). Let y(f) = f**2 - 1 - f**2 + 2*f - f**3. Calculate y(v).
3
Let o(f) = 4*f - 4. Let v(c) = 4*c - 3. Let h(l) = -4*o(l) + 5*v(l). Determine h(-1).
-3
Let p be -6 - -1*(-3 + 0). Let h = -11 - p. Let y(w) = -w**2 - 3*w - 1. Give y(h).
1
Let b(g) = 7*g**2 + 7*g - 6. Let q(j) = 6*j**2 + 6*j - 5. Let s(y) = 4*b(y) - 5*q(y). Determine s(-4).
-23
Let t(z) = -z**2 - 13*z - 4. Let f be t(-13). Let k(w) = -w + w + 5*w - 3 - 3*w. What is k(f)?
-11
Let m(f) be the first derivative of f**6/120 - f**5/15 + f**4/8 - f**3/6 - f**2/2 - 1. Let x(b) be the second derivative of m(b). Determine x(3).
-1
Suppose 10 = 4*o - 10. Suppose o = 4*r + 5*g, -3*g - 6 = 3. Let m(x) = 0*x**2 + x + r*x**2 - 2*x**2 + 2*x**2. Determine m(-1).
4
Let q(f) = f - 1. Suppose v - 1 = 3. Suppose -v*b + 3*x + 9 - 26 = 0, 27 = -5*b - 2*x. What is q(b)?
-6
Let a(f) = f**2 - 8*f + 1. Let s be a(7). Let u(x) = x**2 + 7*x + 1. What is u(s)?
-5
Let n be 4/(-10) + 37/5. Suppose 0 = 2*q - v - n, -2*q + 3*q - 8 = 2*v. Let o(k) = 2 +